8.
102
Convert -20 (base 12) to base 6.
-40
75 (base 8) to base 14
45
What is -20 (base 4) in base 14?
-8
What is 4 (base 15) in base 14?
4
Convert 0 (base 15) to base 5.
0
-1110110 (base 2) to base 9
-141
1 (base 12) to base 6
1
-3 (base 13) to base 10
-3
What is 111 (base 2) in base 6?
11
What is -24 (base 8) in base 6?
-32
Convert 12 (base 5) to base 14.
7
-12 (base 4) to base 8
-6
-5b (base 12) to base 11
-65
What is 61 (base 16) in base 3?
10121
Convert 0 (base 6) to base 16.
0
What is -1001111 (base 2) in base 8?
-117
Convert -1001 (base 2) to base 7.
-12
What is 254 (base 10) in base 16?
fe
Convert 5 (base 11) to base 3.
12
Convert -14 (base 15) to base 11.
-18
Convert 23 (base 8) to base 16.
13
Convert -6a (base 15) to base 8.
-144
Convert 16 (base 15) to base 6.
33
-20 (base 3) to base 8
-6
-2 (base 8) to base 11
-2
Convert 100 (base 2) to base 9.
4
4 (base 15) to base 8
4
What is 3 (base 16) in base 8?
3
1 (base 8) to base 11
1
-186 (base 9) to base 4
-2133
Convert 13 (base 7) to base 9.
11
-47 (base 8) to base 15
-29
What is -6e (base 15) in base 2?
-1101000
Convert -12 (base 7) to base 3.
-100
Convert 9 (base 10) to base 6.
13
Convert -58 (base 11) to base 13.
-4b
What is -20 (base 12) in base 13?
-1b
1a1 (base 12) to base 8
411
What is 16 (base 13) in base 12?
17
-106 (base 8) to base 2
-1000110
Convert 4 (base 14) to base 10.
4
Convert 10 (base 9) to base 2.
1001
What is -1 (base 2) in base 15?
-1
What is -19 (base 12) in base 9?
-23
Convert -1130 (base 5) to base 11.
-140
What is 13 (base 14) in base 2?
10001
What is -5 (base 12) in base 10?
-5
What is -123 (base 4) in base 2?
-11011
Convert -2 (base 14) to base 11.
-2
Convert -3 (base 7) to base 4.
-3
What is 158 (base 11) in base 4?
2320
-11 (base 14) to base 2
-1111
Convert c (base 16) to base 6.
20
Convert 1101000 (base 2) to base 5.
404
Convert 101 (base 3) to base 4.
22
2 (base 3) to base 5
2
What is 63 (base 10) in base 12?
53
-11 (base 7) to base 14
-8
Convert -9 (base 10) to base 8.
-11
What is 2 (base 12) in base 14?
2
Convert -202 (base 5) to base 16.
-34
88 (base 10) to base 11
80
What is -2a (base 13) in base 11?
-33
Convert a1 (base 13) to base 10.
131
Convert -b (base 13) to base 14.
-b
100 (base 15) to base 11
195
What is 13 (base 9) in base 10?
12
What is 12 (base 9) in base 11?
10
What is -5 (base 11) in base 12?
-5
-101 (base 9) to base 3
-10001
Convert -1 (base 10) to base 6.
-1
Convert -12 (base 14) to base 6.
-24
What is 18 (base 13) in base 14?
17
Convert -3 (base 10) to base 9.
-3
What is 1110001 (base 2) in base 13?
89
What is 242 (base 7) in base 8?
200
0 (base 11) to base 13
0
21111 (base 3) to base 6
534
What is 13 (base 14) in base 4?
101
What is -3 (base 4) in base 11?
-3
Convert 10011100 (base 2) to base 9.
183
What is 153 (base 9) in base 5?
1004
What is 2 (base 11) in base 5?
2
What is -122 (base 3) in base 9?
-18
Convert -1 (base 6) to base 14.
-1
What is -6 (base 10) in base 11?
-6
-15 (base 9) to base 2
-1110
What is -7 (base 14) in base 11?
-7
What is 21 (base 9) in base 15?
14
What is 146 (base 7) in base 10?
83
What is 33 (base 10) in base 15?
23
2a (base 16) to base 3
1120
What is -71 (base 14) in base 8?
-143
Convert 10 (base 14) to base 16.
e
7 (base 13) to base 7
10
What is 11 (base 2) in base 5?
3
-153 (base 8) to base 4
-1223
What is 104 (base 5) in base 7?
41
Convert 32 (base 11) to base 4.
203
d (base 15) to base 13
10
Convert -18 (base 14) to base 8.
-26
What is -50 (base 15) in base 10?
-75
Convert 100011 (base 2) to base 12.
2b
Convert -1b (base 16) to base 7.
-36
Convert -413 (base 6) to base 2.
-10011001
101 (base 2) to base 9
5
Convert -47 (base 14) to base 11.
-58
What is 7 (base 11) in base 7?
10
What is 145 (base 8) in base 7?
203
Convert 1 (base 11) to base 9.
1
0 (base 5) to base 15
0
What is -5 (base 9) in base 8?
-5
Convert 8 (base 16) to base 13.
8
Convert -203 (base 8) to base 11.
-10a
What is -102 (base 8) in base 3?
-2110
What is -10110 (base 2) in base 14?
-18
Convert -a (base 15) to base 6.
-14
What is -56 (base 14) in base 3?
-2211
Convert -4 (base 13) to base 16.
-4
Convert -3 (base 12) to base 11.
-3
3 (base 10) to base 13
3
What is -1110101 (base 2) in base 16?
-75
3e (base 16) to base 4
332
Convert -335 (base 6) to base 14.
-95
What is -1000 (base 2) in base 11?
-8
What is -24 (base 7) in base 16?
-12
Convert -4 (base 12) to base 6.
-4
12 (base 6) to base 13
8
What is -3 (base 10) in base 6?
-3
What is 81 (base 11) in base 7?
155
17 (base 15) to base 4
112
-37 (base 10) to base 16
-25
Convert 203 (base 5) to base 10.
53
What is 210 (base 4) in base 11?
33
1011 (base 2) to base 6
15
What is -2 (base 16) in base 3?
-2
What is -1211 (base 4) in base 13?
-7a
-62 (base 7) to base 11
-40
What is 100 (base 2) in base 4?
10
12 (base 3) to base 11
5
What is 1 (base 16) in base 8?
1
-3 (base 6) to base 16
-3
1 (base 9) to base 3
1
What is -22120 (base 3) in base 10?
-231
12 (base 4) to base 5
11
-8 (base 13) to base 10
-8
102 (base 4) to base 10
18
Convert 0 (base 5) to base 14.
0
-2 (base 10) to base 9
-2
4 (base 14) to base 6
4
Convert -40 (base 8) to base 2.
-100000
Convert 87 (base 12) to base 2.
1100111
What is -120 (base 15) in base 8?
-377
Convert 15b (base 14) to base 4.
10111
Convert -15 (base 16) to base 15.
-16
What is 3 (base 7) in base 11?
3
Convert 52 (base 7) to base 16.
25
10 (base 6) to base 10
6
Convert 3 (base 4) to base 16.
3
-5 (base 16) to base 5
-10
-1101 (base 3) to base 14
-29
Convert -1 (base 13) to base 10.
-1
26 (base 14) to base 12
2a
-a (base 15) to base 3
-101
What is 56 (base 10) in base 12?
48
What is -10110 (base 2) in base 14?
-18
-133 (base 6) to base 4
-321
What is 1 (base 12) in base 5?
1
0 (base 16) to base 8
0
28 (base 15) to base 8
46
Convert -21 (base 13) to base 2.
-11011
Convert 10 (base 2) to base 12.
2
What is 110 (base 2) in base 14?
6
Convert 41 (base 5) to base 11.
1a
7 (base 15) to base 11
7
Convert 1 (base 16) to base 15.
1
Convert 2 (base 10) to base 6.
2
Convert -10 (base 5) to base 3.
-12
What is 11 (base 2) in base 10?
3
What is 110 (base 3) in base 6?
20
-1100111 (base 2) to base 10
-103
34 (base 12) to base 6
104
-6 (base 16) to base 11
-6
Convert 12 (base 8) to base 10.
10
Convert 42 (base 10) to base 3.
1120
Convert -66 (base 11) to base 14.
-52
-23 (base 10) to base 11
-21
-166 (base 9) to base 5
-1031
Convert -2 (base 16) to base 11.
-2
What is 12 (base 15) in base 13?
14
-16 (base 7) to base 13
-10
What is 11 (base 8) in base 7?
12
-3 (base 10) to base 7
-3
Convert -d (base 14) to base 8.
-15
What is 17 (base 8) in base 6?
23
Convert -3 (base 4) to base 11.
-3
-13 (base 11) to base 9
-15
Convert 2 (base 6) to base 9.
2
What is -1 (base 9) in base 3?
-1
What is -4 (base 6) in base 15?
-4
What is -12 (base 3) in base 4?
-11
-1 (base 9) to base 13
-1
What is -73 (base 12) in base 10?
-87
What is -10010110 (base 2) in base 15?
-a0
Convert 9a (base 13) to base 12.
a7
What is 20 (base 4) in base 3?
22
12 (base 14) to base 11
15
What is 2 (base 13) in base 3?
2
-131 (base 10) to base 7
-245
What is 2 (base 9) in base 13?
2
What is -107 (base 8) in base 10?
-71
What is -12 (base 4) in base 10?
-6
Convert 231 (base 9) to base 16.
be
-6 (base 16) to base 12
-6
4 (base 6) to base 4
10
Convert -1 (base 4) to base 8.
-1
What is -4 (base 11) in base 13?
-4
-7 (base 15) to base 11
-7
Convert -68 (base 10) to base 5.
-233
-33 (base 6) to base 13
-18
What is -3 (base 13) in base 3?
-10
What is 10 (base 6) in base 2?
110
What is 6 (base 9) in base 7?
6
What is 2133 (base 4) in base 7?
315
110001 (base 2) to base 4
301
Convert 18 (base 10) to base 9.
20
-1110101 (base 2) to base 10
-117
Convert -3 (base 16) to base 15.
-3
What is 37 (base 15) in base 8?
64
Convert -524 (base 6) to base 3.
-21021
Convert 2 (base 12) to base 3.
2
-3 (base 12) to base 10
-3
1 (base 9) to base 3
1
Convert 4a (base 11) to base 6.
130
Convert 3030 (base 4) to base 13.
129
96 (base 14) to base 7
246
101101 (base 2) to base 16
2d
1 (base 9) to base 13
1
76 (base 11) to base 8
123
-1 (base 16) to base 15
-1
What is 80 (base 10) in base 3?
2222
Convert -15 (base 12) to base 7.
-23
Convert -13 (base 7) to base 8.
-12
Convert -2 (base 7) to base 3.
-2
214 (base 11) to base 16
101
Convert -101 (base 1